{"id":508,"date":"2022-11-26T08:09:36","date_gmt":"2022-11-26T08:09:36","guid":{"rendered":"https:\/\/www.autocaresnika.com\/nosotros\/"},"modified":"2023-03-13T16:06:42","modified_gmt":"2023-03-13T16:06:42","slug":"nosaltres","status":"publish","type":"page","link":"https:\/\/www.autocaresnika.com\/ca\/nosaltres\/","title":{"rendered":"Nosaltres"},"content":{"rendered":"\n<div class=\"wp-block-cover alignfull header-pattern\" style=\"min-height:100vh;aspect-ratio:unset;\"><span aria-hidden=\"true\" class=\"wp-block-cover__background has-background-dim-60 has-background-dim\"><\/span><img alt=\"\" loading=\"lazy\" decoding=\"async\" width=\"1920\" height=\"1165\" class=\"wp-block-cover__image-background wp-image-242\" alt=\"\" src=\"https:\/\/www.autocaresnika.com\/wp-content\/uploads\/2023\/02\/portada-nosotros.jpg\" data-object-fit=\"cover\" srcset=\"https:\/\/www.autocaresnika.com\/wp-content\/uploads\/2023\/02\/portada-nosotros.jpg 1920w, https:\/\/www.autocaresnika.com\/wp-content\/uploads\/2023\/02\/portada-nosotros-300x182.jpg 300w, https:\/\/www.autocaresnika.com\/wp-content\/uploads\/2023\/02\/portada-nosotros-1024x621.jpg 1024w, https:\/\/www.autocaresnika.com\/wp-content\/uploads\/2023\/02\/portada-nosotros-768x466.jpg 768w, https:\/\/www.autocaresnika.com\/wp-content\/uploads\/2023\/02\/portada-nosotros-1536x932.jpg 1536w\" sizes=\"auto, (max-width: 1920px) 100vw, 1920px\" \/><div class=\"wp-block-cover__inner-container is-layout-flow wp-block-cover-is-layout-flow\">\n<div class=\"wp-block-group is-layout-constrained wp-block-group-is-layout-constrained\">\n<h1 class=\"has-text-align-center has-white-color has-text-color wp-block-heading\">Esperit empresarial femen\u00ed<\/h1>\n\n\n\n<p class=\"has-text-align-center pattern-header has-white-color has-text-color has-large-font-size\"><strong>NOSALTRES<\/strong><\/p>\n<\/div>\n\n\n\n<div class=\"wp-block-outermost-icon-block items-justified-center button-down\"><a class=\"icon-container\" href=\"#start\" style=\"width:48px\"><svg viewBox=\"0 0 24 24\" xmlns=\"http:\/\/www.w3.org\/2000\/svg\" aria-hidden=\"true\"><path d=\"M17.5 11.6L12 16l-5.5-4.4.9-1.2L12 14l4.5-3.6 1 1.2z\"><\/path><\/svg><\/a><\/div>\n<\/div><\/div>\n\n\n\n<div class=\"wp-block-group alignfull is-style-section is-layout-constrained wp-block-group-is-layout-constrained\" id=\"start\">\n<div class=\"wp-block-columns alignwide is-layout-flex wp-container-core-columns-is-layout-28f84493 wp-block-columns-is-layout-flex\">\n<div class=\"wp-block-column is-layout-flow wp-block-column-is-layout-flow\">\n<h2 class=\"wp-block-heading\">La Solv\u00e8ncia i l&#8217;Experi\u00e8ncia en la prestaci\u00f3 del servei i la satisfacci\u00f3 del client s\u00f3n els principals valors de la nostra empresa.<\/h2>\n\n\n\n<figure class=\"wp-block-image size-large\"><img alt=\"\" loading=\"lazy\" decoding=\"async\" width=\"1024\" height=\"683\" src=\"https:\/\/www.autocaresnika.com\/wp-content\/uploads\/2023\/02\/equipo-1-1024x683.jpg\" alt=\"\" class=\"wp-image-246\" srcset=\"https:\/\/www.autocaresnika.com\/wp-content\/uploads\/2023\/02\/equipo-1-1024x683.jpg 1024w, https:\/\/www.autocaresnika.com\/wp-content\/uploads\/2023\/02\/equipo-1-300x200.jpg 300w, https:\/\/www.autocaresnika.com\/wp-content\/uploads\/2023\/02\/equipo-1-768x512.jpg 768w, https:\/\/www.autocaresnika.com\/wp-content\/uploads\/2023\/02\/equipo-1-1536x1024.jpg 1536w, https:\/\/www.autocaresnika.com\/wp-content\/uploads\/2023\/02\/equipo-1.jpg 1920w\" sizes=\"auto, (max-width: 1024px) 100vw, 1024px\" \/><\/figure>\n<\/div>\n\n\n\n<div class=\"wp-block-column is-layout-flow wp-block-column-is-layout-flow\">\n<p>Autocars Nika hem estat premiats com la <strong>millor companyia nacional d&#8217;autobusos<\/strong> per l&#8217;<strong>Associaci\u00f3 Nacional d&#8217;Empresaris de Transport<\/strong>, avalant la nostra \u00e0mplia experi\u00e8ncia en el sector tur\u00edstic i comprom\u00e8s amb la innovaci\u00f3 constant.<\/p>\n\n\n\n<p><strong>Hem rebut el Premi APPORTT<\/strong> a la categoria Professionalitat i especial dedicaci\u00f3 a la promoci\u00f3 del Port.<\/p>\n\n\n\n<p>I tamb\u00e9 hem <strong>rebut el Premi CEPTA<\/strong> a la millor empresa familiar de la prov\u00edncia de Tarragona.<\/p>\n\n\n\n<p>La nostra <strong>traject\u00f2ria<\/strong> de m\u00e9s de 50 anys no nom\u00e9s ha estat possible gr\u00e0cies a la constant inversi\u00f3 de la nostra flota, sin\u00f3 tamb\u00e9 al comprom\u00eds i la dedicaci\u00f3 del nostre capital hum\u00e0, que s\u00f3n els principals valors del nostre lideratge al sector tur\u00edstic.<\/p>\n\n\n\n<p>El nostre <strong>coneixement<\/strong> de la geografia catalana, del Port de Tarragona, dels punts d&#8217;inter\u00e8s tur\u00edstic del territori i de la idiosincr\u00e0sia de la poblaci\u00f3, ens permet oferir un valor afegit en el disseny de rutes i Tours que repercuteixen en la satisfacci\u00f3 del visitant.<\/p>\n\n\n\n<p>La nostra <strong>experi\u00e8ncia<\/strong>, des de fa m\u00e9s de 50 anys, ens ha perm\u00e8s ser pioners en el trasllat de creueristes, tant en serveis de llan\u00e7adora com en excursions al territori. Tamb\u00e9 oferim el nostre coneixement i experi\u00e8ncia en serveis de transport a les ag\u00e8ncies m\u00e9s organitzadores d&#8217;esdeveniments, congressos del territori i touroperadors tur\u00edstics.<\/p>\n\n\n\n<p>La nostra <strong>implicaci\u00f3<\/strong> amb la marca Costa Daurada es reflecteix en la pres\u00e8ncia d&#8217;Autocars Nika a les institucions i propietats que participen en la promoci\u00f3 del turisme.<\/p>\n\n\n\n<p>Som membres executius del<strong> Tarragona Convention Bureau<\/strong>, del <strong>Patronat Municipal de Turisme de Tarragona<\/strong> i assumim la vicepresid\u00e8ncia de la <strong>Federaci\u00f3 de Transport d&#8217;Empreses<\/strong> de la prov\u00edncia de Tarragona. A m\u00e9s a m\u00e9s, som membres del <strong>Comit\u00e8 Executiu de l&#8217;Associaci\u00f3 Nacional d&#8217;Empresari del Transport (ANETRA).<\/strong><\/p>\n\n\n\n<p>Des de l&#8217;any 2015 som socis de ple dret d&#8217;<strong>APPORTT (Agrupaci\u00f3 per a la Promoci\u00f3 del Port de Tarragona)<\/strong>.<\/p>\n\n\n\n<p>L&#8217;experi\u00e8ncia en el nostre sector i la millora permanent dels nostres recursos t\u00e8cnics i humans avala la nostra pres\u00e8ncia a la principal promoci\u00f3 tur\u00edstica, tant p\u00fablica com privada.<\/p>\n<\/div>\n<\/div>\n<\/div>\n\n\n\n<div class=\"wp-block-group alignfull is-style-section has-gray-light-background-color has-background is-layout-constrained wp-block-group-is-layout-constrained\" id=\"start\">\n<div class=\"wp-block-columns alignwide is-layout-flex wp-container-core-columns-is-layout-28f84493 wp-block-columns-is-layout-flex\">\n<div class=\"wp-block-column is-layout-flow wp-block-column-is-layout-flow\">\n<h2 class=\"wp-block-heading\">Implantaci\u00f3 dels principals sistemes de gesti\u00f3 de qualitat.<\/h2>\n\n\n\n<figure class=\"wp-block-image size-large\"><img alt=\"\" loading=\"lazy\" decoding=\"async\" width=\"1024\" height=\"295\" src=\"https:\/\/www.autocaresnika.com\/wp-content\/uploads\/2023\/02\/appplus-1024x295.png\" alt=\"\" class=\"wp-image-250\" srcset=\"https:\/\/www.autocaresnika.com\/wp-content\/uploads\/2023\/02\/appplus-1024x295.png 1024w, https:\/\/www.autocaresnika.com\/wp-content\/uploads\/2023\/02\/appplus-300x87.png 300w, https:\/\/www.autocaresnika.com\/wp-content\/uploads\/2023\/02\/appplus-768x222.png 768w, https:\/\/www.autocaresnika.com\/wp-content\/uploads\/2023\/02\/appplus.png 1251w\" sizes=\"auto, (max-width: 1024px) 100vw, 1024px\" \/><\/figure>\n<\/div>\n\n\n\n<div class=\"wp-block-column is-layout-flow wp-block-column-is-layout-flow\">\n<p>La solv\u00e8ncia i l&#8217;experi\u00e8ncia en la prestaci\u00f3 del servei i la satisfacci\u00f3 del client s\u00f3n els principals valors de la nostra empresa, que n&#8217;ha implementat la gesti\u00f3 obtenint el sistema<strong> ISO 9001<\/strong> de gesti\u00f3 i qualitat, <strong>ISO 14001 <\/strong>(Sistema de gesti\u00f3 ambiental de l&#8217;empresa, <strong>ISO 13816<\/strong> (Sistema de qualitat en el transport de passatgers), <strong>OSHAS REGULATION 18001<\/strong> (Sistema de gesti\u00f3 de la seguretat i la salut a la feina), <strong>ISO 39001<\/strong>, Sistema de gesti\u00f3 de la seguretat del tr\u00e0nsit a la carretera, ja que la nostra companyia est\u00e0 compromesa amb la millora de la seva seguretat Vial per als nostres passatgers a la carretera.<\/p>\n\n\n\n<div class=\"wp-block-buttons is-layout-flex wp-block-buttons-is-layout-flex\">\n<div class=\"wp-block-button\"><a class=\"wp-block-button__link wp-element-button\" href=\"https:\/\/www.autocaresnika.com\/ca\/qualitat\/\" target=\"_blank\" rel=\"noreferrer noopener\">CON\u00c8IXER M\u00c9S<\/a><\/div>\n<\/div>\n<\/div>\n<\/div>\n<\/div>\n\n\n\n<div class=\"wp-block-cover alignfull is-light\" style=\"min-height:520px;aspect-ratio:unset;\"><span aria-hidden=\"true\" class=\"wp-block-cover__background has-background-dim-0 has-background-dim\"><\/span><img alt=\"\" loading=\"lazy\" decoding=\"async\" width=\"1920\" height=\"859\" class=\"wp-block-cover__image-background wp-image-487\" alt=\"\" src=\"https:\/\/www.autocaresnika.com\/wp-content\/uploads\/2023\/02\/equipo-2-sin-nika.jpg\" style=\"object-position:49% 53%\" data-object-fit=\"cover\" data-object-position=\"49% 53%\" srcset=\"https:\/\/www.autocaresnika.com\/wp-content\/uploads\/2023\/02\/equipo-2-sin-nika.jpg 1920w, https:\/\/www.autocaresnika.com\/wp-content\/uploads\/2023\/02\/equipo-2-sin-nika-300x134.jpg 300w, https:\/\/www.autocaresnika.com\/wp-content\/uploads\/2023\/02\/equipo-2-sin-nika-1024x458.jpg 1024w, https:\/\/www.autocaresnika.com\/wp-content\/uploads\/2023\/02\/equipo-2-sin-nika-768x344.jpg 768w, https:\/\/www.autocaresnika.com\/wp-content\/uploads\/2023\/02\/equipo-2-sin-nika-1536x687.jpg 1536w\" sizes=\"auto, (max-width: 1920px) 100vw, 1920px\" \/><div class=\"wp-block-cover__inner-container is-layout-flow wp-block-cover-is-layout-flow\">\n<p class=\"has-text-align-center has-large-font-size\"><\/p>\n<\/div><\/div>\n\n\n\n<div class=\"wp-block-group alignfull is-style-section is-layout-constrained wp-block-group-is-layout-constrained\" id=\"start\">\n<div class=\"wp-block-columns alignwide is-layout-flex wp-container-core-columns-is-layout-28f84493 wp-block-columns-is-layout-flex\">\n<div class=\"wp-block-column is-layout-flow wp-block-column-is-layout-flow\">\n<h2 class=\"wp-block-heading\">EL NOSTRE EQUIP<\/h2>\n\n\n\n<p class=\"has-medium-font-size\"><strong>Disposem d&#8217;un gran equip especialitzat en el sector del transport per poder oferir la millor soluci\u00f3 a les necessitats dels nostres clients.<\/strong><\/p>\n<\/div>\n\n\n\n<div class=\"wp-block-column is-layout-flow wp-block-column-is-layout-flow\">\n<p>Disposem d&#8217;un equip hum\u00e0 amb m\u00e9s de 70 professionals que pertanyen a diferents disciplines i sempre en formaci\u00f3 cont\u00ednua.<\/p>\n\n\n\n<p>Els nostres conductors, amb clara vocaci\u00f3 de servei, estan formats per a la conducci\u00f3 segura i eficient a la carretera, mitjan\u00e7ant els certificats d&#8217;Aptitud Professional (CAP). Dominant lleng\u00fces de parla espanyola, catalana, anglesa i francesa, cosa que proporciona una bona i fluida comunicaci\u00f3 amb el client.<\/p>\n\n\n\n<p>La formaci\u00f3 Pro-Activa que s&#8217;imparteix a la nostra empresa Autocars NIKA, assegura un tracte amable i personalitzat.<\/p>\n\n\n\n<p>La uniformitat del nostre personal \u00e9s un valor afegit que proporciona una imatge corporativa i endre\u00e7ada.<\/p>\n<\/div>\n<\/div>\n<\/div>\n","protected":false},"excerpt":{"rendered":"<p>La Solv\u00e8ncia i l&#8217;Experi\u00e8ncia en la prestaci\u00f3 del servei i la satisfacci\u00f3 del client s\u00f3n els principals valors de la nostra empresa. Autocars Nika hem estat premiats com la millor companyia nacional d&#8217;autobusos per l&#8217;Associaci\u00f3 Nacional d&#8217;Empresaris de Transport, avalant la nostra \u00e0mplia experi\u00e8ncia en el sector tur\u00edstic i comprom\u00e8s amb la innovaci\u00f3 constant. Hem [&hellip;]<\/p>\n","protected":false},"author":1,"featured_media":0,"parent":0,"menu_order":4,"comment_status":"closed","ping_status":"closed","template":"","meta":{"_seopress_robots_primary_cat":"","_seopress_titles_title":"","_seopress_titles_desc":"","_seopress_robots_index":"","inline_featured_image":false,"footnotes":""},"class_list":["post-508","page","type-page","status-publish","hentry"],"_links":{"self":[{"href":"https:\/\/www.autocaresnika.com\/ca\/wp-json\/wp\/v2\/pages\/508","targetHints":{"allow":["GET"]}}],"collection":[{"href":"https:\/\/www.autocaresnika.com\/ca\/wp-json\/wp\/v2\/pages"}],"about":[{"href":"https:\/\/www.autocaresnika.com\/ca\/wp-json\/wp\/v2\/types\/page"}],"author":[{"embeddable":true,"href":"https:\/\/www.autocaresnika.com\/ca\/wp-json\/wp\/v2\/users\/1"}],"replies":[{"embeddable":true,"href":"https:\/\/www.autocaresnika.com\/ca\/wp-json\/wp\/v2\/comments?post=508"}],"version-history":[{"count":0,"href":"https:\/\/www.autocaresnika.com\/ca\/wp-json\/wp\/v2\/pages\/508\/revisions"}],"wp:attachment":[{"href":"https:\/\/www.autocaresnika.com\/ca\/wp-json\/wp\/v2\/media?parent=508"}],"curies":[{"name":"wp","href":"https:\/\/api.w.org\/{rel}","templated":true}]}}

<div class="wp-block-cover alignfull header-pattern" style="min-height:100vh;aspect-ratio:unset;"><span aria-hidden="true" class="wp-block-cover__background has-background-dim-60 has-background-dim"></span><img alt="" loading="lazy" decoding="async" width="1920" height="1165" class="wp-block-cover__image-background wp-image-242" alt="" src="https://www.autocaresnika.com/wp-content/uploads/2023/02/portada-nosotros.jpg" data-object-fit="cover" srcset="https://www.autocaresnika.com/wp-content/uploads/2023/02/portada-nosotros.jpg 1920w, https://www.autocaresnika.com/wp-content/uploads/2023/02/portada-nosotros-300x182.jpg 300w, https://www.autocaresnika.com/wp-content/uploads/2023/02/portada-nosotros-1024x621.jpg 1024w, https://www.autocaresnika.com/wp-content/uploads/2023/02/portada-nosotros-768x466.jpg 768w, https://www.autocaresnika.com/wp-content/uploads/2023/02/portada-nosotros-1536x932.jpg 1536w" sizes="auto, (max-width: 1920px) 100vw, 1920px" /><div class="wp-block-cover__inner-container is-layout-flow wp-block-cover-is-layout-flow">
<div class="wp-block-group is-layout-constrained wp-block-group-is-layout-constrained">
<h1 class="has-text-align-center has-white-color has-text-color wp-block-heading">Esperit empresarial femení</h1>



<p class="has-text-align-center pattern-header has-white-color has-text-color has-large-font-size"><strong>NOSALTRES</strong></p>
</div>



<div class="wp-block-outermost-icon-block items-justified-center button-down"><a class="icon-container" href="#start" style="width:48px"><svg viewBox="0 0 24 24" xmlns="http://www.w3.org/2000/svg" aria-hidden="true"><path d="M17.5 11.6L12 16l-5.5-4.4.9-1.2L12 14l4.5-3.6 1 1.2z"></path></svg></a></div>
</div></div>



<div class="wp-block-group alignfull is-style-section is-layout-constrained wp-block-group-is-layout-constrained" id="start">
<div class="wp-block-columns alignwide is-layout-flex wp-container-core-columns-is-layout-28f84493 wp-block-columns-is-layout-flex">
<div class="wp-block-column is-layout-flow wp-block-column-is-layout-flow">
<h2 class="wp-block-heading">La Solvència i l&#8217;Experiència en la prestació del servei i la satisfacció del client són els principals valors de la nostra empresa.</h2>



<figure class="wp-block-image size-large"><img alt="" loading="lazy" decoding="async" width="1024" height="683" src="https://www.autocaresnika.com/wp-content/uploads/2023/02/equipo-1-1024x683.jpg" alt="" class="wp-image-246" srcset="https://www.autocaresnika.com/wp-content/uploads/2023/02/equipo-1-1024x683.jpg 1024w, https://www.autocaresnika.com/wp-content/uploads/2023/02/equipo-1-300x200.jpg 300w, https://www.autocaresnika.com/wp-content/uploads/2023/02/equipo-1-768x512.jpg 768w, https://www.autocaresnika.com/wp-content/uploads/2023/02/equipo-1-1536x1024.jpg 1536w, https://www.autocaresnika.com/wp-content/uploads/2023/02/equipo-1.jpg 1920w" sizes="auto, (max-width: 1024px) 100vw, 1024px" /></figure>
</div>



<div class="wp-block-column is-layout-flow wp-block-column-is-layout-flow">
<p>Autocars Nika hem estat premiats com la <strong>millor companyia nacional d&#8217;autobusos</strong> per l&#8217;<strong>Associació Nacional d&#8217;Empresaris de Transport</strong>, avalant la nostra àmplia experiència en el sector turístic i compromès amb la innovació constant.</p>



<p><strong>Hem rebut el Premi APPORTT</strong> a la categoria Professionalitat i especial dedicació a la promoció del Port.</p>



<p>I també hem <strong>rebut el Premi CEPTA</strong> a la millor empresa familiar de la província de Tarragona.</p>



<p>La nostra <strong>trajectòria</strong> de més de 50 anys no només ha estat possible gràcies a la constant inversió de la nostra flota, sinó també al compromís i la dedicació del nostre capital humà, que són els principals valors del nostre lideratge al sector turístic.</p>



<p>El nostre <strong>coneixement</strong> de la geografia catalana, del Port de Tarragona, dels punts d&#8217;interès turístic del territori i de la idiosincràsia de la població, ens permet oferir un valor afegit en el disseny de rutes i Tours que repercuteixen en la satisfacció del visitant.</p>



<p>La nostra <strong>experiència</strong>, des de fa més de 50 anys, ens ha permès ser pioners en el trasllat de creueristes, tant en serveis de llançadora com en excursions al territori. També oferim el nostre coneixement i experiència en serveis de transport a les agències més organitzadores d&#8217;esdeveniments, congressos del territori i touroperadors turístics.</p>



<p>La nostra <strong>implicació</strong> amb la marca Costa Daurada es reflecteix en la presència d&#8217;Autocars Nika a les institucions i propietats que participen en la promoció del turisme.</p>



<p>Som membres executius del<strong> Tarragona Convention Bureau</strong>, del <strong>Patronat Municipal de Turisme de Tarragona</strong> i assumim la vicepresidència de la <strong>Federació de Transport d&#8217;Empreses</strong> de la província de Tarragona. A més a més, som membres del <strong>Comitè Executiu de l&#8217;Associació Nacional d&#8217;Empresari del Transport (ANETRA).</strong></p>



<p>Des de l&#8217;any 2015 som socis de ple dret d&#8217;<strong>APPORTT (Agrupació per a la Promoció del Port de Tarragona)</strong>.</p>



<p>L&#8217;experiència en el nostre sector i la millora permanent dels nostres recursos tècnics i humans avala la nostra presència a la principal promoció turística, tant pública com privada.</p>
</div>
</div>
</div>



<div class="wp-block-group alignfull is-style-section has-gray-light-background-color has-background is-layout-constrained wp-block-group-is-layout-constrained" id="start">
<div class="wp-block-columns alignwide is-layout-flex wp-container-core-columns-is-layout-28f84493 wp-block-columns-is-layout-flex">
<div class="wp-block-column is-layout-flow wp-block-column-is-layout-flow">
<h2 class="wp-block-heading">Implantació dels principals sistemes de gestió de qualitat.</h2>



<figure class="wp-block-image size-large"><img alt="" loading="lazy" decoding="async" width="1024" height="295" src="https://www.autocaresnika.com/wp-content/uploads/2023/02/appplus-1024x295.png" alt="" class="wp-image-250" srcset="https://www.autocaresnika.com/wp-content/uploads/2023/02/appplus-1024x295.png 1024w, https://www.autocaresnika.com/wp-content/uploads/2023/02/appplus-300x87.png 300w, https://www.autocaresnika.com/wp-content/uploads/2023/02/appplus-768x222.png 768w, https://www.autocaresnika.com/wp-content/uploads/2023/02/appplus.png 1251w" sizes="auto, (max-width: 1024px) 100vw, 1024px" /></figure>
</div>



<div class="wp-block-column is-layout-flow wp-block-column-is-layout-flow">
<p>La solvència i l&#8217;experiència en la prestació del servei i la satisfacció del client són els principals valors de la nostra empresa, que n&#8217;ha implementat la gestió obtenint el sistema<strong> ISO 9001</strong> de gestió i qualitat, <strong>ISO 14001 </strong>(Sistema de gestió ambiental de l&#8217;empresa, <strong>ISO 13816</strong> (Sistema de qualitat en el transport de passatgers), <strong>OSHAS REGULATION 18001</strong> (Sistema de gestió de la seguretat i la salut a la feina), <strong>ISO 39001</strong>, Sistema de gestió de la seguretat del trànsit a la carretera, ja que la nostra companyia està compromesa amb la millora de la seva seguretat Vial per als nostres passatgers a la carretera.</p>



<div class="wp-block-buttons is-layout-flex wp-block-buttons-is-layout-flex">
<div class="wp-block-button"><a class="wp-block-button__link wp-element-button" href="https://www.autocaresnika.com/ca/qualitat/" target="_blank" rel="noreferrer noopener">CONÈIXER MÉS</a></div>
</div>
</div>
</div>
</div>



<div class="wp-block-cover alignfull is-light" style="min-height:520px;aspect-ratio:unset;"><span aria-hidden="true" class="wp-block-cover__background has-background-dim-0 has-background-dim"></span><img alt="" loading="lazy" decoding="async" width="1920" height="859" class="wp-block-cover__image-background wp-image-487" alt="" src="https://www.autocaresnika.com/wp-content/uploads/2023/02/equipo-2-sin-nika.jpg" style="object-position:49% 53%" data-object-fit="cover" data-object-position="49% 53%" srcset="https://www.autocaresnika.com/wp-content/uploads/2023/02/equipo-2-sin-nika.jpg 1920w, https://www.autocaresnika.com/wp-content/uploads/2023/02/equipo-2-sin-nika-300x134.jpg 300w, https://www.autocaresnika.com/wp-content/uploads/2023/02/equipo-2-sin-nika-1024x458.jpg 1024w, https://www.autocaresnika.com/wp-content/uploads/2023/02/equipo-2-sin-nika-768x344.jpg 768w, https://www.autocaresnika.com/wp-content/uploads/2023/02/equipo-2-sin-nika-1536x687.jpg 1536w" sizes="auto, (max-width: 1920px) 100vw, 1920px" /><div class="wp-block-cover__inner-container is-layout-flow wp-block-cover-is-layout-flow">
<p class="has-text-align-center has-large-font-size"></p>
</div></div>



<div class="wp-block-group alignfull is-style-section is-layout-constrained wp-block-group-is-layout-constrained" id="start">
<div class="wp-block-columns alignwide is-layout-flex wp-container-core-columns-is-layout-28f84493 wp-block-columns-is-layout-flex">
<div class="wp-block-column is-layout-flow wp-block-column-is-layout-flow">
<h2 class="wp-block-heading">EL NOSTRE EQUIP</h2>



<p class="has-medium-font-size"><strong>Disposem d&#8217;un gran equip especialitzat en el sector del transport per poder oferir la millor solució a les necessitats dels nostres clients.</strong></p>
</div>



<div class="wp-block-column is-layout-flow wp-block-column-is-layout-flow">
<p>Disposem d&#8217;un equip humà amb més de 70 professionals que pertanyen a diferents disciplines i sempre en formació contínua.</p>



<p>Els nostres conductors, amb clara vocació de servei, estan formats per a la conducció segura i eficient a la carretera, mitjançant els certificats d&#8217;Aptitud Professional (CAP). Dominant llengües de parla espanyola, catalana, anglesa i francesa, cosa que proporciona una bona i fluida comunicació amb el client.</p>



<p>La formació Pro-Activa que s&#8217;imparteix a la nostra empresa Autocars NIKA, assegura un tracte amable i personalitzat.</p>



<p>La uniformitat del nostre personal és un valor afegit que proporciona una imatge corporativa i endreçada.</p>
</div>
</div>
</div>

<p>La Solvència i l&#8217;Experiència en la prestació del servei i la satisfacció del client són els principals valors de la nostra empresa. Autocars Nika hem estat premiats com la millor companyia nacional d&#8217;autobusos per l&#8217;Associació Nacional d&#8217;Empresaris de Transport, avalant la nostra àmplia experiència en el sector turístic i compromès amb la innovació constant. Hem [&hellip;]</p>
