{"id":9,"date":"2022-11-25T05:54:41","date_gmt":"2022-11-25T05:54:41","guid":{"rendered":"https:\/\/www.autocaresnika.com\/?page_id=9"},"modified":"2025-10-31T11:49:40","modified_gmt":"2025-10-31T11:49:40","slug":"politica-de-privacitat","status":"publish","type":"page","link":"https:\/\/www.autocaresnika.com\/ca\/politica-de-privacitat\/","title":{"rendered":"Pol\u00edtica de privacitat"},"content":{"rendered":"\n<h4 class=\"wp-block-heading\"><strong>Identificaci\u00f3 del responsable del tractament de les dades<\/strong><\/h4>\n\n\n\n<p>De conformitat amb la legislaci\u00f3 en protecci\u00f3 de dades l&#8217;informem que el Responsable del Tractament de les dades personals \u00e9s AUTOCARES NIKA, S.L. (en endavant &#8220;AUTOCARES NIKA&#8221;), les dades identificatives i de contacte de les quals es troben en l&#8217;Av\u00eds Legal de la p\u00e0gina web.<\/p>\n\n\n\n<h4 class=\"wp-block-heading\"><strong>\u00das i finalitat de les dades obtingudes<\/strong><\/h4>\n\n\n\n<p>Les dades que ens pot remetre a trav\u00e9s dels diferents formularis i correus electr\u00f2nics d&#8217;AUTOCARES NIKA s\u00f3n per:<\/p>\n\n\n\n<ul class=\"wp-block-list\">\n<li>Respondre a les consultes i proporcionar la informaci\u00f3 demanada per l&#8217;interessat.<\/li>\n\n\n\n<li>Gestionar la relaci\u00f3 que ens vincula.<\/li>\n\n\n\n<li>Gestionar els processos de selecci\u00f3.<\/li>\n<\/ul>\n\n\n\n<p>Les dades que li demanem s\u00f3n les adequades, pertinents i estrictament necess\u00e0ries per a les finalitats especificades anteriorment, i en cap cas est\u00e0 obligat a facilitar-les. Aix\u00ed mateix, ens assegura que totes les dades facilitades s\u00f3n certes, veraces i pertinents per a la finalitat per les quals les demanem.&nbsp;<\/p>\n\n\n\n<p>\u00c9s important que, per poder mantenir les seves dades personals actualitzades, ens informi sempre que hi hagi alguna modificaci\u00f3 en aquestes. En cas contrari, no responem de la seva veracitat.&nbsp;<\/p>\n\n\n\n<h4 class=\"wp-block-heading\"><strong>Legitimaci\u00f3 del tractament de les dades<\/strong><\/h4>\n\n\n\n<p>La base legal per al tractament de les seves dades \u00e9s la relaci\u00f3 de prestaci\u00f3 de serveis que ens vincula o b\u00e9 el consentiment per part de l&#8217;interessat del tractament de les seves dades personals, sempre que AUTOCARES NIKA ho consideri oport\u00fa per a la gesti\u00f3 de la petici\u00f3 que demani.<\/p>\n\n\n\n<h4 class=\"wp-block-heading\"><strong>Destinataris<\/strong><\/h4>\n\n\n\n<p>L&#8217;informem que les seves dades nom\u00e9s seran cedides en els casos legalment establerts o per q\u00fcestions necess\u00e0ries per a la prestaci\u00f3 del servei.<\/p>\n\n\n\n<h4 class=\"wp-block-heading\"><strong>Conservaci\u00f3 de les dades<\/strong><\/h4>\n\n\n\n<ul class=\"wp-block-list\">\n<li>Clients i prove\u00efdors: les dades es conservaran mentre es mantingui la relaci\u00f3 que ens vincula i un cop finalitzada es conservaran el temps legalment establert abans de la seva destrucci\u00f3.<\/li>\n\n\n\n<li>Contactes: fins que l&#8217;interessat cancel\u00b7li les dades<\/li>\n\n\n\n<li>Processos de selecci\u00f3: les dades es conservaran fins a finalitzar el proc\u00e9s de selecci\u00f3.<\/li>\n<\/ul>\n\n\n\n<h4 class=\"wp-block-heading\"><strong>Seguretat de les dades<\/strong><\/h4>\n\n\n\n<p>Les dades recopilades s&#8217;emmagatzemen dins de l&#8217;Espai Econ\u00f2mic Europeu (EEE). AUTOCARES NIKA garanteix les mesures t\u00e8cniques i organitzatives necess\u00e0ries per a la seguretat i integritat de les dades personals que tracta, d&#8217;acord amb la legislaci\u00f3 vigent, tenint en compte l&#8217;estat de la tecnologia, la naturalesa de les dades emmagatzemades, i els riscos a qu\u00e8 estan exposats, tant si provenen de l&#8217;acci\u00f3 humana o del medi f\u00edsic o natural.<\/p>\n\n\n\n<h4 class=\"wp-block-heading\"><strong>Drets dels interessats<\/strong><\/h4>\n\n\n\n<p>Els interessats tenen dret a:<\/p>\n\n\n\n<ul class=\"wp-block-list\">\n<li>Obtenir confirmaci\u00f3 sobre si el Responsable est\u00e0 tractant les dades personals que els concerneixen, o no.<\/li>\n\n\n\n<li>Accedir a les seves dades personals, aix\u00ed com a sol\u00b7licitar la rectificaci\u00f3 de les dades inexactes o, si s&#8217;escau, sol\u00b7licitar la seva supressi\u00f3 quan, entre altres motius, les dades ja no siguin necess\u00e0ries per a les finalitats que van ser recollides.<\/li>\n\n\n\n<li>En determinades circumst\u00e0ncies, els interessats podran sol\u00b7licitar la limitaci\u00f3 del tractament de les seves dades, cas en el qual \u00fanicament el Responsable les conservar\u00e0 per a l&#8217;exercici o la defensa de reclamacions.<\/li>\n\n\n\n<li>En determinades circumst\u00e0ncies i per motius relacionats amb la seva situaci\u00f3 particular, els interessats podran oposar-se al tractament de les seves dades.<\/li>\n<\/ul>\n\n\n\n<p>L&#8217;interessat pot exercir els seus drets mitjan\u00e7ant correu electr\u00f2nic a l&#8217;adre\u00e7a <a href=\"mailto:nika@autocaresnika.com\">nika@autocaresnika.com<\/a> indicant en l&#8217;assumpte &#8220;Protecci\u00f3 de Dades&#8221;.&nbsp;&nbsp;<\/p>\n\n\n\n<p>Si considera que els seus drets no s&#8217;han at\u00e8s adequadament, t\u00e9 dret a presentar una reclamaci\u00f3 davant l&#8217;Ag\u00e8ncia Espanyola de Protecci\u00f3 de Dades.<\/p>\n\n\n\n<h4 class=\"wp-block-heading\"><strong>Actualitzaci\u00f3 de la pol\u00edtica de privacitat<\/strong><\/h4>\n\n\n\n<p>AUTOCARES NIKA podr\u00e0 actualitzar la present Pol\u00edtica de Privacitat en qualsevol moment. Es comunicar\u00e0 a l&#8217;usuari qualsevol actualitzaci\u00f3 que suposi nous tractaments de dades o un canvi transcendent de la mateixa. \u00c9s per aix\u00f2 que recomanem a l&#8217;Usuari que, de manera peri\u00f2dica, revisi la present pol\u00edtica de privacitat<\/p>\n","protected":false},"excerpt":{"rendered":"<p>Identificaci\u00f3 del responsable del tractament de les dades De conformitat amb la legislaci\u00f3 en protecci\u00f3 de dades l&#8217;informem que el Responsable del Tractament de les dades personals \u00e9s AUTOCARES NIKA, S.L. (en endavant &#8220;AUTOCARES NIKA&#8221;), les dades identificatives i de contacte de les quals es troben en l&#8217;Av\u00eds Legal de la p\u00e0gina web. \u00das i [&hellip;]<\/p>\n","protected":false},"author":1,"featured_media":0,"parent":0,"menu_order":34,"comment_status":"closed","ping_status":"closed","template":"controllers\/legal-page.php","meta":{"_seopress_robots_primary_cat":"","_seopress_titles_title":"","_seopress_titles_desc":"","_seopress_robots_index":"","inline_featured_image":false,"footnotes":""},"class_list":["post-9","page","type-page","status-publish","hentry"],"_links":{"self":[{"href":"https:\/\/www.autocaresnika.com\/ca\/wp-json\/wp\/v2\/pages\/9","targetHints":{"allow":["GET"]}}],"collection":[{"href":"https:\/\/www.autocaresnika.com\/ca\/wp-json\/wp\/v2\/pages"}],"about":[{"href":"https:\/\/www.autocaresnika.com\/ca\/wp-json\/wp\/v2\/types\/page"}],"author":[{"embeddable":true,"href":"https:\/\/www.autocaresnika.com\/ca\/wp-json\/wp\/v2\/users\/1"}],"replies":[{"embeddable":true,"href":"https:\/\/www.autocaresnika.com\/ca\/wp-json\/wp\/v2\/comments?post=9"}],"version-history":[{"count":0,"href":"https:\/\/www.autocaresnika.com\/ca\/wp-json\/wp\/v2\/pages\/9\/revisions"}],"wp:attachment":[{"href":"https:\/\/www.autocaresnika.com\/ca\/wp-json\/wp\/v2\/media?parent=9"}],"curies":[{"name":"wp","href":"https:\/\/api.w.org\/{rel}","templated":true}]}}

Política de privacitat

<h4 class="wp-block-heading"><strong>Identificació del responsable del tractament de les dades</strong></h4>



<p>De conformitat amb la legislació en protecció de dades l&#8217;informem que el Responsable del Tractament de les dades personals és AUTOCARES NIKA, S.L. (en endavant &#8220;AUTOCARES NIKA&#8221;), les dades identificatives i de contacte de les quals es troben en l&#8217;Avís Legal de la pàgina web.</p>



<h4 class="wp-block-heading"><strong>Ús i finalitat de les dades obtingudes</strong></h4>



<p>Les dades que ens pot remetre a través dels diferents formularis i correus electrònics d&#8217;AUTOCARES NIKA són per:</p>



<ul class="wp-block-list">
<li>Respondre a les consultes i proporcionar la informació demanada per l&#8217;interessat.</li>



<li>Gestionar la relació que ens vincula.</li>



<li>Gestionar els processos de selecció.</li>
</ul>



<p>Les dades que li demanem són les adequades, pertinents i estrictament necessàries per a les finalitats especificades anteriorment, i en cap cas està obligat a facilitar-les. Així mateix, ens assegura que totes les dades facilitades són certes, veraces i pertinents per a la finalitat per les quals les demanem.&nbsp;</p>



<p>És important que, per poder mantenir les seves dades personals actualitzades, ens informi sempre que hi hagi alguna modificació en aquestes. En cas contrari, no responem de la seva veracitat.&nbsp;</p>



<h4 class="wp-block-heading"><strong>Legitimació del tractament de les dades</strong></h4>



<p>La base legal per al tractament de les seves dades és la relació de prestació de serveis que ens vincula o bé el consentiment per part de l&#8217;interessat del tractament de les seves dades personals, sempre que AUTOCARES NIKA ho consideri oportú per a la gestió de la petició que demani.</p>



<h4 class="wp-block-heading"><strong>Destinataris</strong></h4>



<p>L&#8217;informem que les seves dades només seran cedides en els casos legalment establerts o per qüestions necessàries per a la prestació del servei.</p>



<h4 class="wp-block-heading"><strong>Conservació de les dades</strong></h4>



<ul class="wp-block-list">
<li>Clients i proveïdors: les dades es conservaran mentre es mantingui la relació que ens vincula i un cop finalitzada es conservaran el temps legalment establert abans de la seva destrucció.</li>



<li>Contactes: fins que l&#8217;interessat cancel·li les dades</li>



<li>Processos de selecció: les dades es conservaran fins a finalitzar el procés de selecció.</li>
</ul>



<h4 class="wp-block-heading"><strong>Seguretat de les dades</strong></h4>



<p>Les dades recopilades s&#8217;emmagatzemen dins de l&#8217;Espai Econòmic Europeu (EEE). AUTOCARES NIKA garanteix les mesures tècniques i organitzatives necessàries per a la seguretat i integritat de les dades personals que tracta, d&#8217;acord amb la legislació vigent, tenint en compte l&#8217;estat de la tecnologia, la naturalesa de les dades emmagatzemades, i els riscos a què estan exposats, tant si provenen de l&#8217;acció humana o del medi físic o natural.</p>



<h4 class="wp-block-heading"><strong>Drets dels interessats</strong></h4>



<p>Els interessats tenen dret a:</p>



<ul class="wp-block-list">
<li>Obtenir confirmació sobre si el Responsable està tractant les dades personals que els concerneixen, o no.</li>



<li>Accedir a les seves dades personals, així com a sol·licitar la rectificació de les dades inexactes o, si s&#8217;escau, sol·licitar la seva supressió quan, entre altres motius, les dades ja no siguin necessàries per a les finalitats que van ser recollides.</li>



<li>En determinades circumstàncies, els interessats podran sol·licitar la limitació del tractament de les seves dades, cas en el qual únicament el Responsable les conservarà per a l&#8217;exercici o la defensa de reclamacions.</li>



<li>En determinades circumstàncies i per motius relacionats amb la seva situació particular, els interessats podran oposar-se al tractament de les seves dades.</li>
</ul>



<p>L&#8217;interessat pot exercir els seus drets mitjançant correu electrònic a l&#8217;adreça <a href="mailto:nika@autocaresnika.com">nika@autocaresnika.com</a> indicant en l&#8217;assumpte &#8220;Protecció de Dades&#8221;.&nbsp;&nbsp;</p>



<p>Si considera que els seus drets no s&#8217;han atès adequadament, té dret a presentar una reclamació davant l&#8217;Agència Espanyola de Protecció de Dades.</p>



<h4 class="wp-block-heading"><strong>Actualització de la política de privacitat</strong></h4>



<p>AUTOCARES NIKA podrà actualitzar la present Política de Privacitat en qualsevol moment. Es comunicarà a l&#8217;usuari qualsevol actualització que suposi nous tractaments de dades o un canvi transcendent de la mateixa. És per això que recomanem a l&#8217;Usuari que, de manera periòdica, revisi la present política de privacitat</p>

<p>Identificació del responsable del tractament de les dades De conformitat amb la legislació en protecció de dades l&#8217;informem que el Responsable del Tractament de les dades personals és AUTOCARES NIKA, S.L. (en endavant &#8220;AUTOCARES NIKA&#8221;), les dades identificatives i de contacte de les quals es troben en l&#8217;Avís Legal de la pàgina web. Ús i [&hellip;]</p>
